factors of 17240.
2, 5, 431
What are the prime factors of 10706?
2, 53, 101
What are the prime factors of 2487?
3, 829
What are the prime factors of 22186?
2, 11093
List the prime factors of 24720.
2, 3, 5, 103
What are the prime factors of 9170?
2, 5, 7, 131
What are the prime factors of 848?
2, 53
What are the prime factors of 9746?
2, 11, 443
List the prime factors of 1715.
5, 7
List the prime factors of 6430.
2, 5, 643
What are the prime factors of 1738?
2, 11, 79
What are the prime factors of 5508?
2, 3, 17
What are the prime factors of 48198?
2, 3, 29, 277
What are the prime factors of 17713?
17713
What are the prime factors of 888?
2, 3, 37
List the prime factors of 6646.
2, 3323
What are the prime factors of 85237?
85237
What are the prime factors of 1944?
2, 3
List the prime factors of 188.
2, 47
List the prime factors of 102.
2, 3, 17
List the prime factors of 647.
647
List the prime factors of 15146.
2, 7573
List the prime factors of 11778.
2, 3, 13, 151
List the prime factors of 10322.
2, 13, 397
What are the prime factors of 7001?
7001
List the prime factors of 112486.
2, 11, 5113
List the prime factors of 97617.
3, 13, 2503
List the prime factors of 3364.
2, 29
What are the prime factors of 48719?
11, 43, 103
List the prime factors of 28371.
3, 7, 193
List the prime factors of 51328.
2, 401
What are the prime factors of 3363?
3, 19, 59
List the prime factors of 1215.
3, 5
What are the prime factors of 545?
5, 109
List the prime factors of 2040.
2, 3, 5, 17
List the prime factors of 12235.
5, 2447
What are the prime factors of 4309?
31, 139
List the prime factors of 2140.
2, 5, 107
List the prime factors of 18879.
3, 7, 29, 31
What are the prime factors of 229?
229
What are the prime factors of 23542?
2, 79, 149
What are the prime factors of 92351?
7, 79, 167
List the prime factors of 37480.
2, 5, 937
What are the prime factors of 8664?
2, 3, 19
List the prime factors of 53740.
2, 5, 2687
What are the prime factors of 287?
7, 41
What are the prime factors of 20733?
3, 6911
List the prime factors of 24424.
2, 43, 71
What are the prime factors of 797?
797
What are the prime factors of 648?
2, 3
List the prime factors of 2052.
2, 3, 19
List the prime factors of 6817.
17, 401
What are the prime factors of 1668?
2, 3, 139
List the prime factors of 13164.
2, 3, 1097
List the prime factors of 14532.
2, 3, 7, 173
List the prime factors of 642.
2, 3, 107
What are the prime factors of 87?
3, 29
List the prime factors of 68224.
2, 13, 41
What are the prime factors of 84484?
2, 21121
List the prime factors of 5267.
23, 229
What are the prime factors of 250?
2, 5
List the prime factors of 809.
809
What are the prime factors of 111?
3, 37
List the prime factors of 8265.
3, 5, 19, 29
What are the prime factors of 2031?
3, 677
What are the prime factors of 89130?
2, 3, 5, 2971
What are the prime factors of 883?
883
What are the prime factors of 99535?
5, 17, 1171
List the prime factors of 356.
2, 89
List the prime factors of 1466.
2, 733
List the prime factors of 496.
2, 31
List the prime factors of 867.
3, 17
What are the prime factors of 692?
2, 173
List the prime factors of 13238.
2, 6619
List the prime factors of 11253.
3, 11, 31
List the prime factors of 38401.
11, 3491
What are the prime factors of 3153?
3, 1051
List the prime factors of 16268.
2, 7, 83
What are the prime factors of 262?
2, 131
What are the prime factors of 1355?
5, 271
List the prime factors of 712.
2, 89
What are the prime factors of 3728?
2, 233
What are the prime factors of 69912?
2, 3, 971
What are the prime factors of 81109?
7, 11587
What are the prime factors of 1037?
17, 61
List the prime factors of 104.
2, 13
What are the prime factors of 24490?
2, 5, 31, 79
What are the prime factors of 1109?
1109
What are the prime factors of 565?
5, 113
List the prime factors of 2539.
2539
What are the prime factors of 1643?
31, 53
What are the prime factors of 3638?
2, 17, 107
What are the prime factors of 69411?
3, 17, 1361
List the prime factors of 1494.
2, 3, 83
What are the prime factors of 60679?
60679
What are the prime factors of 205650?
2, 3, 5, 457
List the prime factors of 852.
2, 3, 71
List the prime factors of 5447.
13, 419
List the prime factors of 18741.
3, 6247
What are the prime factors of 3794?
2, 7, 271
List the prime factors of 807.
3, 269
What are the prime factors of 12217?
19, 643
List the prime factors of 621.
3, 23
List the prime factors of 176.
2, 11
List the prime factors of 30952.
2, 53, 73
What are the prime factors of 8015?
5, 7, 229
What are the prime factors of 6338?
2, 3169
What are the prime factors of 11507?
37, 311
List the prime factors of 140462.
2, 7, 79, 127
What are the prime factors of 3538?
2, 29, 61
What are the prime factors of 6044?
2, 1511
List the prime factors of 13174.
2, 7, 941
What are the prime factors of 69170?
2, 5, 6917
List the prime factors of 7171.
71, 101
List the prime factors of 2064.
2, 3, 43
List the prime factors of 5552.
2, 347
List the prime factors of 5334.
2, 3, 7, 127
List the prime factors of 1345.
5, 269
What are the prime factors of 6350?
2, 5, 127
List the prime factors of 9084.
2, 3, 757
What are the prime factors of 1139?
17, 67
What are the prime factors of 21667?
47, 461
What are the prime factors of 20444?
2, 19, 269
What are the prime factors of 43900?
2, 5, 439
What are the prime factors of 3532?
2, 883
List the prime factors of 24166.
2, 43, 281
List the prime factors of 1075.
5, 43
List the prime factors of 4102.
2, 7, 293
List the prime factors of 61304.
2, 79, 97
List the prime factors of 14645.
5, 29, 101
List the prime factors of 675.
3, 5
What are the prime factors of 3928?
2, 491
What are the prime factors of 46662?
2, 3, 7, 11, 101
List the prime factors of 37301.
11, 3391
What are the prime factors of 11407?
11, 17, 61
List the prime factors of 454.
2, 227
List the prime factors of 4027.
4027
What are the prime factors of 1232?
2, 7, 11
List the prime factors of 237.
3, 79
List the prime factors of 3083.
3083
What are the prime factors of 3644?
2, 911
List the prime factors of 53723.
31, 1733
What are the prime factors of 398?
2, 199
List the prime factors of 17037.
3, 631
What are the prime factors of 3639?
3, 1213
What are the prime factors of 14297?
17, 29
What are the prime factors of 90?
2, 3, 5
What are the prime factors of 14137?
67, 211
What are the prime factors of 9775?
5, 17, 23
List the prime factors of 11309.
43, 263
What are the prime factors of 2472?
2, 3, 103
What are the prime factors of 292?
2, 73
List the prime factors of 82.
2, 41
List the prime factors of 406.
2, 7, 29
List the prime factors of 3032.
2, 379
What are the prime factors of 21716?
2, 61, 89
What are the prime factors of 7250?
2, 5, 29
List the prime factors of 1615.
5, 17, 19
What are the prime factors of 110?
2, 5, 11
List the prime factors of 20317.
11, 1847
What are the prime factors of 50023?
50023
List the prime factors of 5172.
2, 3, 431
List the prime factors of 58613.
58613
List the prime factors of 1001.
7, 11, 13
What are the prime factors of 4871?
4871
List the prime factors of 156340.
2, 5, 7817
List the prime factors of 11798.
2, 17, 347
List the prime factors of 156055.
5, 23, 59
What are the prime factors of 21540?
2, 3, 5, 359
List the prime factors of 4085.
5, 19, 43
List the prime factors of 1082.
2, 541
List the prime factors of 3899.
7, 557
What are the prime factors of 823?
823
What are the prime factors of 4900?
2, 5, 7
What are the prime factors of 11791?
13, 907
List the prime factors of 7007.
7, 11, 13
What are the prime factors of 5384?
2, 673
What are the prime factors of 5899?
17, 347
List the prime factors of 3766.
2, 7, 269
List the prime factors of 391.
17, 23
List the prime factors of 1983.
3, 661
What are the prime factors of 7582?
2, 17, 223
What are the prime factors of 38521?
7, 5503
List the prime factors of 4149.
3, 461
What are the prime factors of 2021?
43, 47
List the prime factors of 1093.
1093
What are the prime factors of 1913?
1913
List the prime factors of 482.
2, 241
List the prime factors of 90789.
3, 53, 571
List the prime factors of 683.
683
List the prime factors of 51412.
2, 12853
List the prime factors of 1217.
1217
What are the prime factors of 520